316c?
-316a
In base 16, what is 213d - e?
212f
In base 3, what is -10 - -110110222?
110110212
In base 9, what is 1 + -231720?
-231718
In base 14, what is -2b0400 - 5?
-2b0405
In base 13, what is -471c + -14?
-4733
In base 9, what is 125 + -4384?
-4258
In base 16, what is -7 - -8db?
8d4
In base 15, what is -5 - -4784?
477e
In base 5, what is -122100411 - 3?
-122100414
In base 6, what is -1 + -51042?
-51043
In base 12, what is 13024 - b?
13015
In base 9, what is 688270 - -3?
688273
In base 8, what is 14602 + -105?
14475
In base 10, what is -861 - 1361?
-2222
In base 8, what is 12044 - -22?
12066
In base 7, what is 245 + 3023?
3301
In base 12, what is -94 + 16?
-7a
In base 6, what is 4 + 4012534?
4012542
In base 2, what is 111001000001111000 + 101?
111001000001111101
In base 15, what is d + -14?
-6
In base 13, what is -3 - -400c8?
400c5
In base 14, what is -355 + 3b?
-318
In base 11, what is -2919 + 133?
-2796
In base 11, what is -10373 + 118?
-10256
In base 6, what is -4 + -1000401?
-1000405
In base 10, what is -1696 + -25?
-1721
In base 8, what is -1 + 1236064?
1236063
In base 8, what is -5 - 10413?
-10420
In base 9, what is -73 + 2175?
2102
In base 12, what is -60 - a405?
-a465
In base 11, what is 27934 - 1?
27933
In base 15, what is 123 - -15c2?
16e5
In base 2, what is 111111011001001 + -11?
111111011000110
In base 2, what is 110001011 - 100?
110000111
In base 2, what is -10010101101001100010 + 1?
-10010101101001100001
In base 15, what is -209d3 - 1?
-209d4
In base 9, what is -43645 - 4?
-43650
In base 4, what is 1000313 - -101220?
1102133
In base 2, what is 101011100101 + 1011?
101011110000
In base 2, what is -101 - -11010010010101?
11010010010000
In base 10, what is -9 - -2420?
2411
In base 14, what is -5 - -2b67?
2b62
In base 6, what is -11 + -1045325?
-1045340
In base 14, what is 3 + 9816?
9819
In base 9, what is -7023 - 248?
-7272
In base 7, what is -26504 + -152?
-26656
In base 4, what is 103301303 + 31?
103302000
In base 16, what is -9d + e?
-8f
In base 7, what is 61243 + 2?
61245
In base 9, what is -10180 + 0?
-10180
In base 2, what is -1111010100 + -110101001?
-10101111101
In base 2, what is -1110 + 1001110011100111?
1001110011011001
In base 4, what is 232 - -33?
331
In base 11, what is 2 + 735808?
73580a
In base 8, what is -307476 - -15?
-307461
In base 2, what is -110 - -111010010010?
111010001100
In base 11, what is -2 - 62581?
-62583
In base 15, what is 2 + -bed6?
-bed4
In base 14, what is -55 - -128?
b3
In base 13, what is -12 - 16592?
-165a4
In base 13, what is -23326a + 0?
-23326a
In base 3, what is -12021120 - -22?
-12021021
In base 13, what is -69 - bab1?
-bb4a
In base 14, what is 3 - -568b9?
568bc
In base 5, what is 13 - 412322?
-412304
In base 10, what is 10139 - -4?
10143
In base 14, what is 3 + -94?
-91
In base 5, what is 12 + 1134002?
1134014
In base 9, what is -336 + -16?
-353
In base 13, what is -6 + -35a2?
-35a8
In base 16, what is -1ad + -1f9?
-3a6
In base 9, what is 2176764 + -1?
2176763
In base 9, what is 6 + 1887?
2004
In base 9, what is 175 + -480?
-304
In base 13, what is -75 - -1475?
1400
In base 10, what is 3 + 59095?
59098
In base 10, what is 3 + 850378?
850381
In base 2, what is 11000010000 - 100110000001?
-1101110001
In base 11, what is 0 - -26212?
26212
In base 16, what is 0 + 60b3?
60b3
In base 5, what is 1321 - 22444?
-21123
In base 10, what is -2272 - -277?
-1995
In base 4, what is 12302000 + -22?
12301312
In base 13, what is 5 - 24116?
-24111
In base 13, what is 58 - 3aa?
-352
In base 5, what is 2321210 + 1?
2321211
In base 6, what is 504 + -15412?
-14504
In base 6, what is 12451313 + -20?
12451253
In base 12, what is -692b72 - 1?
-692b73
In base 14, what is 1ab5 - 29?
1a8a
In base 9, what is 534 - 1384?
-750
In base 6, what is 3214415 + 0?
3214415
In base 16, what is -70a28 + 3?
-70a25
In base 2, what is -1100 + -100010011110110?
-100010100000010
In base 2, what is 1000011000111 + -100?
1000011000011
In base 15, what is -5a + ce3?
c88
In base 6, what is -4514154 - -1?
-4514153
In base 13, what is 15 - 3a7?
-392
In base 11, what is 11385 + -4?
11381
In base 14, what is -30cc6 + -11?
-30cd7
In base 10, what is 567 - 5?
562
In base 12, what is -350 + 45a?
10a
In base 2, what is 101101001 - 11011101?
10001100
In base 4, what is 311 + 23223?
30200
In base 12, what is 38 + -7a26?
-79aa
In base 4, what is 1130 - 11133?
-10003
In base 7, what is 543625 - 1?
543624
In base 6, what is 51 + 114031?
114122
In base 16, what is -8d + -13e?
-1cb
In base 5, what is -1210141 - 0?
-1210141
In base 13, what is -4 + 1488?
1484
In base 7, what is -43224 + 6?
-43215
In base 4, what is 3021330 - -3?
3021333
In base 10, what is -10 - 7392?
-7402
In base 6, what is 4434 - -3223?
12101
In base 16, what is 1e9e + 6?
1ea4
In base 15, what is -2 + -4345?
-4347
In base 13, what is 3 + 2184?
2187
In base 11, what is -184a - 60?
-18aa
In base 14, what is -9 - 6a0d9?
-6a104
In base 12, what is -5 + 151631?
151628
In base 15, what is 2473b0 - 2?
2473ad
In base 4, what is 10 - -10210200?
10210210
In base 7, what is -645 - -104655?
104010
In base 16, what is -1 + 48e0?
48df
In base 13, what is -447 + -5?
-44c
In base 16, what is -15f35 + 0?
-15f35
In base 3, what is 11 - -2200?
2211
In base 15, what is 1 + e57?
e58
In base 2, what is -100110011111001001100 + 101?
-100110011111001000111
In base 7, what is -263 + -1021?
-1314
In base 4, what is -3 + -21222300?
-21222303
In base 3, what is 101011122221 + -1?
101011122220
In base 12, what is -14b9b + 2?
-14b99
In base 16, what is -1 + fb0c?
fb0b
In base 9, what is -75011 - -3?
-75007
In base 11, what is -5 - -a0?
96
In base 6, what is -1 - 210450?
-210451
In base 11, what is 10 + -12?
-2
In base 10, what is -289909 + -1?
-289910
In base 9, what is -8 + -20442?
-20451
In base 3, what is 1000020 - 2000?
221020
In base 14, what is -14 - 2a14?
-2a28
In base 13, what is -4 - 23428c?
-234293
In base 16, what is -22d + -1973?
-1ba0
In base 14, what is 0 - 3a6d3?
-3a6d3
In base 8, what is -617253 - 5?
-617260
In base 13, what is 5 + 1902b?
19033
In base 13, what is 1 + 10327?
10328
In base 8, what is -403 - -21106?
20503
In base 14, what is -5521a1 - 3?
-5521a4
In base 4, what is -3102130122 - 0?
-3102130122
In base 13, what is -3ba - -159?
-261
In base 6, what is 3310151 - -1?
3310152
In base 9, what is -5 + -124308?
-124314
In base 3, what is 210 - -101000101?
101001011
In base 8, what is 775300 - -15?
775315
In base 2, what is 11 - -11001011110111100?
11001011110111111
In base 2, what is 111 + 10011001111?
10011010110
In base 8, what is -3277 - -40?
-3237
In base 7, what is 1 - -31411?
31412
In base 16, what is -4d + 663?
616
In base 14, what is -6a5 + -1846?
-210b
In base 15, what is -17929 - c?
-17936
In base 13, what is 281 + -78?
206
In base 5, what is 0 + 1022?
1022
In base 9, what is -104 + -545?
-650
In base 9, what is 2 - 72874?
-72872
In base 10, what is -105 - 4036?
-4141
In base 7, what is -1 - 3006?
-3010
In base 9, what is 23 - 1410?
-1376
In base 11, what is 45167 + 2?
45169
In base 10, what is 90709 - 2?
90707
In base 15, what is 5a324 - 0?
5a324
In base 2, what is 1001110110101 + -111011?
1001101111010
In base 10, what is -780 - -13?
-767
In base 6, what is 3 - -5450424?
5450431
In base 10, what is 2 - 58059?
-58057
In base 7, what is -3 - 1224263?
-1224266
In base 16, what is -14f - -a4?
-ab
In base 11, what is -28636 + 4?
-28632
In base 3, what is -1 - 10222220200?
-10222220201
In base 12, what is 2 - a2a?
-a28
In base 13, what is -65 + 359?
2c4
In base 7, what is -6044 - 105?
-6152
In base 6, what is -30 + 11104?
11034
In base 9, what is 78 + 6763?
6852
In base 12, what is -1 + -1a8104?
-1a8105
In base 16, what is -9df36 - -1?
-9df35
In base 15, what is 4 + -13476?
-13472
In base 12, what is 8250 + 2a?
827a
In base 11, what is -6a10 + -4?
-6a14
In base 10, what is 21 - -2264?
2285
In base 14, what is -64883 + a?
-64877
In base 14, what is 2 - -12220b?
12220d
In base 16, what is 5d + 136?
193
In base 4, what is 10 - -1322200001?
1322200011
In base 9, what is 4 + -306126?
-306122
In base 12, what is 1 + 13309?
1330a
In base 14, what is 5c06 + -1?
5c05
In base 13, what is 28b280 - -5?
28b285
In base 8, what is 30554 - 24?
30530
In base 7, what is 2 - 11021?
-11016
In base 7